 by 3.
2
Calculate the remainder when 1346 is divided by 671.
4
What is the remainder when 32933 is divided by 66?
65
Calculate the remainder when 457 is divided by 67.
55
What is the remainder when 137 is divided by 18?
11
Calculate the remainder when 5325 is divided by 73.
69
Calculate the remainder when 12709 is divided by 14.
11
What is the remainder when 1029 is divided by 110?
39
Calculate the remainder when 2043 is divided by 30.
3
What is the remainder when 1968 is divided by 61?
16
Calculate the remainder when 276 is divided by 10.
6
Calculate the remainder when 233 is divided by 56.
9
What is the remainder when 195 is divided by 14?
13
Calculate the remainder when 29975 is divided by 26.
23
Calculate the remainder when 66 is divided by 34.
32
What is the remainder when 62 is divided by 45?
17
What is the remainder when 13752 is divided by 299?
297
What is the remainder when 62 is divided by 6?
2
What is the remainder when 75 is divided by 39?
36
Calculate the remainder when 1651 is divided by 7.
6
Calculate the remainder when 953 is divided by 303.
44
What is the remainder when 1861 is divided by 21?
13
Calculate the remainder when 707 is divided by 29.
11
What is the remainder when 870 is divided by 74?
56
What is the remainder when 3751 is divided by 21?
13
Calculate the remainder when 297 is divided by 138.
21
What is the remainder when 831 is divided by 203?
19
Calculate the remainder when 9917 is divided by 248.
245
What is the remainder when 12 is divided by 6?
0
Calculate the remainder when 719 is divided by 5.
4
What is the remainder when 279 is divided by 7?
6
Calculate the remainder when 39 is divided by 39.
0
What is the remainder when 11245 is divided by 75?
70
Calculate the remainder when 82 is divided by 7.
5
Calculate the remainder when 84 is divided by 6.
0
Calculate the remainder when 2114 is divided by 17.
6
What is the remainder when 1529 is divided by 64?
57
Calculate the remainder when 44 is divided by 31.
13
Calculate the remainder when 11 is divided by 7.
4
What is the remainder when 747 is divided by 44?
43
Calculate the remainder when 841 is divided by 280.
1
What is the remainder when 4090 is divided by 89?
85
What is the remainder when 171 is divided by 6?
3
What is the remainder when 193 is divided by 39?
37
Calculate the remainder when 166 is divided by 80.
6
Calculate the remainder when 507 is divided by 157.
36
What is the remainder when 2594 is divided by 38?
10
Calculate the remainder when 297 is divided by 10.
7
What is the remainder when 1195 is divided by 6?
1
What is the remainder when 214 is divided by 90?
34
Calculate the remainder when 1002 is divided by 272.
186
What is the remainder when 485 is divided by 126?
107
What is the remainder when 47 is divided by 4?
3
Calculate the remainder when 253 is divided by 90.
73
Calculate the remainder when 912 is divided by 227.
4
Calculate the remainder when 129 is divided by 28.
17
Calculate the remainder when 476 is divided by 10.
6
What is the remainder when 126 is divided by 32?
30
What is the remainder when 15898 is divided by 13?
12
Calculate the remainder when 36 is divided by 13.
10
What is the remainder when 702 is divided by 11?
9
What is the remainder when 1184 is divided by 234?
14
What is the remainder when 221 is divided by 34?
17
Calculate the remainder when 61 is divided by 3.
1
What is the remainder when 418 is divided by 14?
12
Calculate the remainder when 359 is divided by 194.
165
Calculate the remainder when 3677 is divided by 40.
37
Calculate the remainder when 77 is divided by 9.
5
Calculate the remainder when 6905 is divided by 4.
1
Calculate the remainder when 800 is divided by 11.
8
Calculate the remainder when 212 is divided by 114.
98
Calculate the remainder when 77 is divided by 65.
12
What is the remainder when 188 is divided by 157?
31
Calculate the remainder when 399 is divided by 102.
93
Calculate the remainder when 104 is divided by 26.
0
Calculate the remainder when 884 is divided by 293.
5
What is the remainder when 105 is divided by 54?
51
Calculate the remainder when 1861 is divided by 49.
48
What is the remainder when 719 is divided by 35?
19
What is the remainder when 337 is divided by 49?
43
What is the remainder when 459 is divided by 66?
63
What is the remainder when 105 is divided by 14?
7
What is the remainder when 261 is divided by 86?
3
What is the remainder when 14056 is divided by 19?
15
What is the remainder when 154 is divided by 26?
24
Calculate the remainder when 13283 is divided by 82.
81
Calculate the remainder when 25 is divided by 9.
7
What is the remainder when 992 is divided by 56?
40
Calculate the remainder when 300 is divided by 17.
11
What is the remainder when 13749 is divided by 11?
10
Calculate the remainder when 959 is divided by 23.
16
What is the remainder when 205 is divided by 52?
49
Calculate the remainder when 5 is divided by 5.
0
What is the remainder when 104 is divided by 37?
30
What is the remainder when 2130 is divided by 52?
50
What is the remainder when 395 is divided by 33?
32
What is the remainder when 433 is divided by 53?
9
Calculate the remainder when 1882 is divided by 139.
75
What is the remainder when 573 is divided by 14?
13
What is the remainder when 33 is divided by 6?
3
Calculate the remainder when 3241 is divided by 47.
45
What is the remainder when 9377 is divided by 20?
17
Calculate the remainder when 674 is divided by 135.
134
Calculate the remainder when 575 is divided by 129.
59
What is the remainder when 117 is divided by 30?
27
Calculate the remainder when 404 is divided by 69.
59
Calculate the remainder when 17919 is divided by 256.
255
What is the remainder when 13096 is divided by 69?
55
What is the remainder when 202 is divided by 52?
46
Calculate the remainder when 420 is divided by 47.
44
Calculate the remainder when 75 is divided by 22.
9
What is the remainder when 545 is divided by 11?
6
What is the remainder when 5930 is divided by 53?
47
Calculate the remainder when 131 is divided by 51.
29
Calculate the remainder when 102 is divided by 49.
4
Calculate the remainder when 2299 is divided by 257.
243
What is the remainder when 485 is divided by 445?
40
Calculate the remainder when 444 is divided by 20.
4
What is the remainder when 267 is divided by 4?
3
Calculate the remainder when 1546 is divided by 86.
84
Calculate the remainder when 613 is divided by 20.
13
What is the remainder when 459 is divided by 81?
54
Calculate the remainder when 1928 is divided by 22.
14
What is the remainder when 11749 is divided by 16?
5
What is the remainder when 144 is divided by 136?
8
Calculate the remainder when 453 is divided by 49.
12
What is the remainder when 153 is divided by 20?
13
Calculate the remainder when 102 is divided by 45.
12
What is the remainder when 359 is divided by 26?
21
What is the remainder when 713 is divided by 13?
11
What is the remainder when 1319 is divided by 44?
43
What is the remainder when 3163 is divided by 138?
127
Calculate the remainder when 1696 is divided by 97.
47
Calculate the remainder when 29948 is divided by 208.
204
Calculate the remainder when 57 is divided by 31.
26
What is the remainder when 407 is divided by 60?
47
What is the remainder when 10293 is divided by 6?
3
Calculate the remainder when 17 is divided by 3.
2
What is the remainder when 4490 is divided by 60?
50
What is the remainder when 1929 is divided by 12?
9
What is the remainder when 691 is divided by 63?
61
Calculate the remainder when 101 is divided by 37.
27
Calculate the remainder when 929 is divided by 17.
11
Calculate the remainder when 929 is divided by 18.
11
Calculate the remainder when 145 is divided by 126.
19
Calculate the remainder when 427 is divided by 30.
7
Calculate the remainder when 250 is divided by 9.
7
What is the remainder when 898 is divided by 11?
7
What is the remainder when 353 is divided by 13?
2
Calculate the remainder when 654 is divided by 37.
25
What is the remainder when 266 is divided by 150?
116
Calculate the remainder when 157 is divided by 17.
4
What is the remainder when 113 is divided by 9?
5
Calculate the remainder when 88 is divided by 9.
7
Calculate the remainder when 3695 is divided by 56.
55
What is the rema